{"id":2191,"date":"2020-04-19T18:22:57","date_gmt":"2020-04-19T18:22:57","guid":{"rendered":"https:\/\/www.ceawebs.com\/espanol\/?page_id=2191"},"modified":"2020-04-19T20:19:06","modified_gmt":"2020-04-19T20:19:06","slug":"planes-hosting-empresarial","status":"publish","type":"page","link":"https:\/\/ceawebs.com\/espanol\/planes-hosting-empresarial\/","title":{"rendered":"Planes Hosting Empresarial"},"content":{"rendered":"<div id=\"pl-2191\"  class=\"panel-layout\" ><div id=\"pg-2191-0\"  class=\"panel-grid panel-no-style\" ><div id=\"pgc-2191-0-0\"  class=\"panel-grid-cell panel-grid-cell-empty\" ><\/div><\/div><div id=\"pg-2191-1\"  class=\"panel-grid panel-has-style\" ><div class=\"panel-row-style panel-row-style-for-2191-1\" ><div id=\"pgc-2191-1-0\"  class=\"panel-grid-cell\" ><div id=\"panel-2191-1-0-0\" class=\"so-panel widget widget_sow-editor panel-first-child\" data-index=\"0\" ><div\n\t\t\t\n\t\t\tclass=\"so-widget-sow-editor so-widget-sow-editor-base\"\n\t\t\t\n\t\t>\n<div class=\"siteorigin-widget-tinymce textwidget\">\n\t<p>&nbsp;<\/p>\n<h2 class=\"product-title\">Empresarial \"Inicio\"<\/h2>\n<\/div>\n<\/div><\/div><div id=\"panel-2191-1-0-1\" class=\"so-panel widget widget_rstore_product rstore-Product\" data-index=\"1\" ><div class=\"rstore-product-header\"><div class=\"rstore-pricing\"><span class=\"rstore-price\">$30.99<\/span> \/ per month<\/div><form class=\"rstore-add-to-cart-form\" method=\"POST\" action=\"https:\/\/www.secureserver.net\/api\/v1\/cart\/558622\/?redirect=1&plid=558622\"><input type=\"hidden\" name=\"items\" value='[{\"id\":\"business-launch\",\"quantity\":1}]' \/><button class=\"rstore-add-to-cart button btn btn-primary\" type=\"submit\">Add to cart<\/button><div class=\"rstore-loading rstore-loading-hidden\"><\/div><\/form><\/div><\/div><div id=\"panel-2191-1-0-2\" class=\"so-panel widget widget_sow-editor panel-last-child\" data-index=\"2\" ><div\n\t\t\t\n\t\t\tclass=\"so-widget-sow-editor so-widget-sow-editor-base\"\n\t\t\t\n\t\t>\n<div class=\"siteorigin-widget-tinymce textwidget\">\n\t<p><strong>Para varios sitios web b\u00e1sicos.<\/strong><\/p>\n<ul>\n<li>60 GB de almacenamiento*<\/li>\n<li>2 GB de RAM<\/li>\n<li>1 CPU<\/li>\n<li>Tr\u00e1fico sin medici\u00f3n<\/li>\n<li>Sitios web y bases de datos ilimitados<\/li>\n<li>Certificado SSL Standard**<\/li>\n<\/ul>\n<p><small>*El total de la capacidad de almacenamiento utilizable para tu servicio o servicios de hosting en particular puede ser diferente a la capacidad representada ya que hay espacio que necesitan los sistemas operativos, archivos del sistema y otros archivos de soporte.<br \/>\n**El certificado SSL se incluye de forma gratuita como parte de su producto de Hosting empresarial. Si cancelas el producto de Hosting empresarial, tambi\u00e9n perder\u00e1s el respectivo certificado SSL.<\/small><\/p>\n<\/div>\n<\/div><\/div><\/div><div id=\"pgc-2191-1-1\"  class=\"panel-grid-cell\" ><div id=\"panel-2191-1-1-0\" class=\"so-panel widget widget_sow-image panel-first-child panel-last-child\" data-index=\"3\" ><div\n\t\t\t\n\t\t\tclass=\"so-widget-sow-image so-widget-sow-image-default-c67d20f9f743-2191\"\n\t\t\t\n\t\t>\n<div class=\"sow-image-container\">\n\t\t<img \n\tsrc=\"https:\/\/ceawebs.com\/espanol\/wp-content\/uploads\/2020\/04\/business-rightHD.jpg\" width=\"1500\" height=\"1170\" srcset=\"https:\/\/ceawebs.com\/espanol\/wp-content\/uploads\/2020\/04\/business-rightHD.jpg 1500w, https:\/\/ceawebs.com\/espanol\/wp-content\/uploads\/2020\/04\/business-rightHD-300x234.jpg 300w, https:\/\/ceawebs.com\/espanol\/wp-content\/uploads\/2020\/04\/business-rightHD-1024x799.jpg 1024w, https:\/\/ceawebs.com\/espanol\/wp-content\/uploads\/2020\/04\/business-rightHD-768x599.jpg 768w\" alt=\"\" \t\tclass=\"so-widget-image\"\/>\n\t<\/div>\n\n<\/div><\/div><\/div><\/div><\/div><div id=\"pg-2191-2\"  class=\"panel-grid panel-has-style\" ><div class=\"panel-row-style panel-row-style-for-2191-2\" ><div id=\"pgc-2191-2-0\"  class=\"panel-grid-cell\" ><div id=\"panel-2191-2-0-0\" class=\"so-panel widget widget_sow-image panel-first-child panel-last-child\" data-index=\"4\" ><div\n\t\t\t\n\t\t\tclass=\"so-widget-sow-image so-widget-sow-image-default-c67d20f9f743-2191\"\n\t\t\t\n\t\t>\n<div class=\"sow-image-container\">\n\t\t<img \n\tsrc=\"https:\/\/ceawebs.com\/espanol\/wp-content\/uploads\/2020\/04\/storeBusiness.jpg\" width=\"1500\" height=\"1170\" srcset=\"https:\/\/ceawebs.com\/espanol\/wp-content\/uploads\/2020\/04\/storeBusiness.jpg 1500w, https:\/\/ceawebs.com\/espanol\/wp-content\/uploads\/2020\/04\/storeBusiness-300x234.jpg 300w, https:\/\/ceawebs.com\/espanol\/wp-content\/uploads\/2020\/04\/storeBusiness-1024x799.jpg 1024w, https:\/\/ceawebs.com\/espanol\/wp-content\/uploads\/2020\/04\/storeBusiness-768x599.jpg 768w\" alt=\"\" \t\tclass=\"so-widget-image\"\/>\n\t<\/div>\n\n<\/div><\/div><\/div><div id=\"pgc-2191-2-1\"  class=\"panel-grid-cell\" ><div id=\"panel-2191-2-1-0\" class=\"so-panel widget widget_sow-editor panel-first-child\" data-index=\"5\" ><div\n\t\t\t\n\t\t\tclass=\"so-widget-sow-editor so-widget-sow-editor-base\"\n\t\t\t\n\t\t>\n<div class=\"siteorigin-widget-tinymce textwidget\">\n\t<p>&nbsp;<\/p>\n<h2 class=\"product-title\">Empresarial \"Mejora\"<\/h2>\n<\/div>\n<\/div><\/div><div id=\"panel-2191-2-1-1\" class=\"so-panel widget widget_rstore_product rstore-Product\" data-index=\"6\" ><div class=\"rstore-product-header\"><div class=\"rstore-pricing\"><span class=\"rstore-price\">$49.99<\/span> \/ per month<\/div><form class=\"rstore-add-to-cart-form\" method=\"POST\" action=\"https:\/\/www.secureserver.net\/api\/v1\/cart\/558622\/?redirect=1&plid=558622\"><input type=\"hidden\" name=\"items\" value='[{\"id\":\"business-enhance\",\"quantity\":1}]' \/><button class=\"rstore-add-to-cart button btn btn-primary\" type=\"submit\">Add to cart<\/button><div class=\"rstore-loading rstore-loading-hidden\"><\/div><\/form><\/div><\/div><div id=\"panel-2191-2-1-2\" class=\"so-panel widget widget_sow-editor panel-last-child\" data-index=\"7\" ><div\n\t\t\t\n\t\t\tclass=\"so-widget-sow-editor so-widget-sow-editor-base\"\n\t\t\t\n\t\t>\n<div class=\"siteorigin-widget-tinymce textwidget\">\n\t<p><strong>Para los sitios de WordPress, Joomla y otros sitios de alto tr\u00e1fico.<\/strong><\/p>\n<ul>\n<li>90 GB de almacenamiento*<\/li>\n<li>4 GB de RAM<\/li>\n<li>2 CPU<\/li>\n<li>Tr\u00e1fico sin medici\u00f3n<\/li>\n<li>Sitios web y bases de datos ilimitados<\/li>\n<li>Certificado SSL Standard**<\/li>\n<\/ul>\n<p><small>*El total de la capacidad de almacenamiento utilizable para tu servicio o servicios de hosting en particular puede ser diferente a la capacidad representada ya que hay espacio que necesitan los sistemas operativos, archivos del sistema y otros archivos de soporte.<br \/>\n**El certificado SSL se incluye de forma gratuita como parte de su producto de Hosting empresarial. Si cancelas el producto de Hosting empresarial, tambi\u00e9n perder\u00e1s el respectivo certificado SSL.<\/small><\/p>\n<\/div>\n<\/div><\/div><\/div><\/div><\/div><div id=\"pg-2191-3\"  class=\"panel-grid panel-has-style\" ><div class=\"panel-row-style panel-row-style-for-2191-3\" ><div id=\"pgc-2191-3-0\"  class=\"panel-grid-cell\" ><div id=\"panel-2191-3-0-0\" class=\"so-panel widget widget_sow-editor panel-first-child\" data-index=\"8\" ><div\n\t\t\t\n\t\t\tclass=\"so-widget-sow-editor so-widget-sow-editor-base\"\n\t\t\t\n\t\t>\n<div class=\"siteorigin-widget-tinymce textwidget\">\n\t<p>&nbsp;<\/p>\n<h2>Empresarial \"Crecimiento\"<\/h2>\n<\/div>\n<\/div><\/div><div id=\"panel-2191-3-0-1\" class=\"so-panel widget widget_rstore_product rstore-Product\" data-index=\"9\" ><div class=\"rstore-product-header\"><div class=\"rstore-pricing\"><span class=\"rstore-price\">$69.99<\/span> \/ per month<\/div><form class=\"rstore-add-to-cart-form\" method=\"POST\" action=\"https:\/\/www.secureserver.net\/api\/v1\/cart\/558622\/?redirect=1&plid=558622\"><input type=\"hidden\" name=\"items\" value='[{\"id\":\"business-grow\",\"quantity\":1}]' \/><button class=\"rstore-add-to-cart button btn btn-primary\" type=\"submit\">Add to cart<\/button><div class=\"rstore-loading rstore-loading-hidden\"><\/div><\/form><\/div><\/div><div id=\"panel-2191-3-0-2\" class=\"so-panel widget widget_sow-editor panel-last-child\" data-index=\"10\" ><div\n\t\t\t\n\t\t\tclass=\"so-widget-sow-editor so-widget-sow-editor-base\"\n\t\t\t\n\t\t>\n<div class=\"siteorigin-widget-tinymce textwidget\">\n\t<p><strong>Para sitios avanzados de comercio electr\u00f3nico como Magento.<\/strong><\/p>\n<ul>\n<li>120 GB de almacenamiento*<\/li>\n<li>6 GB de RAM<\/li>\n<li>3 CPU<\/li>\n<li>Tr\u00e1fico sin medici\u00f3n<\/li>\n<li>Sitios web y bases de datos ilimitados<\/li>\n<li>Certificado SSL Standard**<\/li>\n<\/ul>\n<p><small>*El total de la capacidad de almacenamiento utilizable para tu servicio o servicios de hosting en particular puede ser diferente a la capacidad representada ya que hay espacio que necesitan los sistemas operativos, archivos del sistema y otros archivos de soporte.<br \/>\n**El certificado SSL se incluye de forma gratuita como parte de su producto de Hosting empresarial. Si cancelas el producto de Hosting empresarial, tambi\u00e9n perder\u00e1s el respectivo certificado SSL.<\/small><\/p>\n<\/div>\n<\/div><\/div><\/div><div id=\"pgc-2191-3-1\"  class=\"panel-grid-cell\" ><div id=\"panel-2191-3-1-0\" class=\"so-panel widget widget_sow-image panel-first-child panel-last-child\" data-index=\"11\" ><div\n\t\t\t\n\t\t\tclass=\"so-widget-sow-image so-widget-sow-image-default-c67d20f9f743-2191\"\n\t\t\t\n\t\t>\n<div class=\"sow-image-container\">\n\t\t<img \n\tsrc=\"https:\/\/ceawebs.com\/espanol\/wp-content\/uploads\/2020\/04\/business-rightHD.jpg\" width=\"1500\" height=\"1170\" srcset=\"https:\/\/ceawebs.com\/espanol\/wp-content\/uploads\/2020\/04\/business-rightHD.jpg 1500w, https:\/\/ceawebs.com\/espanol\/wp-content\/uploads\/2020\/04\/business-rightHD-300x234.jpg 300w, https:\/\/ceawebs.com\/espanol\/wp-content\/uploads\/2020\/04\/business-rightHD-1024x799.jpg 1024w, https:\/\/ceawebs.com\/espanol\/wp-content\/uploads\/2020\/04\/business-rightHD-768x599.jpg 768w\" alt=\"\" \t\tclass=\"so-widget-image\"\/>\n\t<\/div>\n\n<\/div><\/div><\/div><\/div><\/div><div id=\"pg-2191-4\"  class=\"panel-grid panel-has-style\" ><div class=\"panel-row-style panel-row-style-for-2191-4\" ><div id=\"pgc-2191-4-0\"  class=\"panel-grid-cell\" ><div id=\"panel-2191-4-0-0\" class=\"so-panel widget widget_sow-image panel-first-child panel-last-child\" data-index=\"12\" ><div\n\t\t\t\n\t\t\tclass=\"so-widget-sow-image so-widget-sow-image-default-c67d20f9f743-2191\"\n\t\t\t\n\t\t>\n<div class=\"sow-image-container\">\n\t\t<img \n\tsrc=\"https:\/\/ceawebs.com\/espanol\/wp-content\/uploads\/2020\/04\/storeBusiness.jpg\" width=\"1500\" height=\"1170\" srcset=\"https:\/\/ceawebs.com\/espanol\/wp-content\/uploads\/2020\/04\/storeBusiness.jpg 1500w, https:\/\/ceawebs.com\/espanol\/wp-content\/uploads\/2020\/04\/storeBusiness-300x234.jpg 300w, https:\/\/ceawebs.com\/espanol\/wp-content\/uploads\/2020\/04\/storeBusiness-1024x799.jpg 1024w, https:\/\/ceawebs.com\/espanol\/wp-content\/uploads\/2020\/04\/storeBusiness-768x599.jpg 768w\" alt=\"\" \t\tclass=\"so-widget-image\"\/>\n\t<\/div>\n\n<\/div><\/div><\/div><div id=\"pgc-2191-4-1\"  class=\"panel-grid-cell\" ><div id=\"panel-2191-4-1-0\" class=\"so-panel widget widget_sow-editor panel-first-child\" data-index=\"13\" ><div\n\t\t\t\n\t\t\tclass=\"so-widget-sow-editor so-widget-sow-editor-base\"\n\t\t\t\n\t\t>\n<div class=\"siteorigin-widget-tinymce textwidget\">\n\t<p>&nbsp;<\/p>\n<h2 class=\"product-title\">Empresarial \"Expansi\u00f3n\"<\/h2>\n<\/div>\n<\/div><\/div><div id=\"panel-2191-4-1-1\" class=\"so-panel widget widget_rstore_product rstore-Product\" data-index=\"14\" ><div class=\"rstore-product-header\"><div class=\"rstore-pricing\"><span class=\"rstore-price\">$99.99<\/span> \/ per month<\/div><form class=\"rstore-add-to-cart-form\" method=\"POST\" action=\"https:\/\/www.secureserver.net\/api\/v1\/cart\/558622\/?redirect=1&plid=558622\"><input type=\"hidden\" name=\"items\" value='[{\"id\":\"business-expand\",\"quantity\":1}]' \/><button class=\"rstore-add-to-cart button btn btn-primary\" type=\"submit\">Add to cart<\/button><div class=\"rstore-loading rstore-loading-hidden\"><\/div><\/form><\/div><\/div><div id=\"panel-2191-4-1-2\" class=\"so-panel widget widget_sow-editor panel-last-child\" data-index=\"15\" ><div\n\t\t\t\n\t\t\tclass=\"so-widget-sow-editor so-widget-sow-editor-base\"\n\t\t\t\n\t\t>\n<div class=\"siteorigin-widget-tinymce textwidget\">\n\t<p><strong>Para varios sitios web b\u00e1sicos.<\/strong><\/p>\n<ul>\n<li>150 GB de almacenamiento*<\/li>\n<li>8 GB de RAM<\/li>\n<li>4 CPU<\/li>\n<li>Tr\u00e1fico sin medici\u00f3n<\/li>\n<li>Sitios web y bases de datos ilimitados<\/li>\n<li>Certificado SSL Standard**<\/li>\n<\/ul>\n<p><small>*El total de la capacidad de almacenamiento utilizable para tu servicio o servicios de hosting en particular puede ser diferente a la capacidad representada ya que hay espacio que necesitan los sistemas operativos, archivos del sistema y otros archivos de soporte.<br \/>\n**El certificado SSL se incluye de forma gratuita como parte de su producto de Hosting empresarial. Si cancelas el producto de Hosting empresarial, tambi\u00e9n perder\u00e1s el respectivo certificado SSL.<\/small><\/p>\n<\/div>\n<\/div><\/div><\/div><\/div><\/div><\/div>","protected":false},"excerpt":{"rendered":"<p>&nbsp; Empresarial &#8220;Inicio&#8221; Para varios sitios web b\u00e1sicos. 60 GB de almacenamiento* 2 GB de RAM 1 CPU Tr\u00e1fico sin medici\u00f3n Sitios web y bases de datos ilimitados Certificado SSL Standard** *El total de la capacidad de almacenamiento utilizable para tu servicio o servicios de hosting en particular puede ser diferente a la capacidad representada [&hellip;]<\/p>\n","protected":false},"author":1,"featured_media":0,"parent":0,"menu_order":0,"comment_status":"closed","ping_status":"closed","template":"","meta":{"_uag_custom_page_level_css":"","footnotes":""},"class_list":["post-2191","page","type-page","status-publish","hentry"],"aioseo_notices":[],"uagb_featured_image_src":{"full":false,"thumbnail":false,"medium":false,"medium_large":false,"large":false,"1536x1536":false,"2048x2048":false,"post-thumbnail":false,"sow-carousel-default":false},"uagb_author_info":{"display_name":"Tato","author_link":"https:\/\/ceawebs.com\/espanol\/author\/cesareaguirre\/"},"uagb_comment_info":0,"uagb_excerpt":"&nbsp; Empresarial \"Inicio\" Para varios sitios web b\u00e1sicos. 60 GB de almacenamiento* 2 GB de RAM 1 CPU Tr\u00e1fico sin medici\u00f3n Sitios web y bases de datos ilimitados Certificado SSL Standard** *El total de la capacidad de almacenamiento utilizable para tu servicio o servicios de hosting en particular puede ser diferente a la capacidad representada&hellip;","_links":{"self":[{"href":"https:\/\/ceawebs.com\/espanol\/wp-json\/wp\/v2\/pages\/2191","targetHints":{"allow":["GET"]}}],"collection":[{"href":"https:\/\/ceawebs.com\/espanol\/wp-json\/wp\/v2\/pages"}],"about":[{"href":"https:\/\/ceawebs.com\/espanol\/wp-json\/wp\/v2\/types\/page"}],"author":[{"embeddable":true,"href":"https:\/\/ceawebs.com\/espanol\/wp-json\/wp\/v2\/users\/1"}],"replies":[{"embeddable":true,"href":"https:\/\/ceawebs.com\/espanol\/wp-json\/wp\/v2\/comments?post=2191"}],"version-history":[{"count":10,"href":"https:\/\/ceawebs.com\/espanol\/wp-json\/wp\/v2\/pages\/2191\/revisions"}],"predecessor-version":[{"id":2224,"href":"https:\/\/ceawebs.com\/espanol\/wp-json\/wp\/v2\/pages\/2191\/revisions\/2224"}],"wp:attachment":[{"href":"https:\/\/ceawebs.com\/espanol\/wp-json\/wp\/v2\/media?parent=2191"}],"curies":[{"name":"wp","href":"https:\/\/api.w.org\/{rel}","templated":true}]}}