{"id":162,"date":"2020-03-31T18:59:03","date_gmt":"2020-03-31T18:59:03","guid":{"rendered":"https:\/\/ceaphotography.com\/WPpractice\/?page_id=162"},"modified":"2020-04-11T15:25:58","modified_gmt":"2020-04-11T15:25:58","slug":"servicios","status":"publish","type":"page","link":"https:\/\/ceawebs.com\/espanol\/servicios\/","title":{"rendered":"Servicios"},"content":{"rendered":"<div id=\"pl-162\"  class=\"panel-layout\" ><div id=\"pg-162-0\"  class=\"panel-grid panel-no-style\" ><div id=\"pgc-162-0-0\"  class=\"panel-grid-cell\" ><div id=\"panel-162-0-0-0\" class=\"so-panel widget widget_sow-editor panel-first-child\" data-index=\"0\" ><div\n\t\t\t\n\t\t\tclass=\"so-widget-sow-editor so-widget-sow-editor-base\"\n\t\t\t\n\t\t>\n<div class=\"siteorigin-widget-tinymce textwidget\">\n\t<p id=\"design\" class=\"anchor\">Design<\/p>\n<\/div>\n<\/div><\/div><div id=\"panel-162-0-0-1\" class=\"so-panel widget widget_sow-editor panel-last-child\" data-index=\"1\" ><div\n\t\t\t\n\t\t\tclass=\"so-widget-sow-editor so-widget-sow-editor-base\"\n\t\t\t\n\t\t>\n<div class=\"siteorigin-widget-tinymce textwidget\">\n\t<h3 style=\"text-align: center;\">Mucho Mas Que Solo Dise\u00f1os Web!<\/h3>\n<hr \/>\n<p>&nbsp;<\/p>\n<\/div>\n<\/div><\/div><\/div><\/div><div id=\"pg-162-1\"  class=\"panel-grid panel-has-style\" ><div class=\"panel-row-style panel-row-style-for-162-1\" ><div id=\"pgc-162-1-0\"  class=\"panel-grid-cell\" ><div id=\"panel-162-1-0-0\" class=\"so-panel widget widget_sow-editor panel-first-child\" data-index=\"2\" ><div\n\t\t\t\n\t\t\tclass=\"so-widget-sow-editor so-widget-sow-editor-base\"\n\t\t\t\n\t\t>\n<div class=\"siteorigin-widget-tinymce textwidget\">\n\t<p>&nbsp;<\/p>\n<h2><em>Dise\u00f1o web:<\/em><\/h2>\n<blockquote><p>Podemos dise\u00f1ar el sitio web perfecto para todas sus necesidades. \u00a1No importa cu\u00e1n grandes o peque\u00f1os sean, ya sean sitios webs Personales, Comerciales o de E-Comercio!<\/p>\n<p><em>\u00a0<\/em><em>\u00a1C.E.A.webs est\u00e1 aqu\u00ed para ayudarle y nos ajustaremos a su presupuesto para dise\u00f1ar\u00a0el sitio web m\u00e1s profesional al mejor precio!<\/em><\/p>\n<p><em>\u00a0<\/em><em>Creemos que todos merecen un sitio web profesional, incluso si piensan que no se puede dar el lujo.<\/em><\/p><\/blockquote>\n<\/div>\n<\/div><\/div><div id=\"panel-162-1-0-1\" class=\"so-panel widget widget_sow-editor panel-last-child\" data-index=\"3\" ><div\n\t\t\t\n\t\t\tclass=\"so-widget-sow-editor so-widget-sow-editor-base\"\n\t\t\t\n\t\t>\n<div class=\"siteorigin-widget-tinymce textwidget\">\n\t<p id=\"photography\" class=\"anchor\">Photography<\/p>\n<\/div>\n<\/div><\/div><\/div><div id=\"pgc-162-1-1\"  class=\"panel-grid-cell\" ><div id=\"panel-162-1-1-0\" class=\"so-panel widget widget_sow-image panel-first-child panel-last-child\" data-index=\"4\" ><div\n\t\t\t\n\t\t\tclass=\"so-widget-sow-image so-widget-sow-image-default-c67d20f9f743-162\"\n\t\t\t\n\t\t>\n<div class=\"sow-image-container\">\n\t\t<img \n\tsrc=\"https:\/\/ceawebs.com\/espanol\/wp-content\/uploads\/2020\/04\/servicesPic1-65.jpg\" width=\"608\" height=\"579\" srcset=\"https:\/\/ceawebs.com\/espanol\/wp-content\/uploads\/2020\/04\/servicesPic1-65.jpg 608w, https:\/\/ceawebs.com\/espanol\/wp-content\/uploads\/2020\/04\/servicesPic1-65-300x286.jpg 300w\" alt=\"\" \t\tclass=\"so-widget-image\"\/>\n\t<\/div>\n\n<\/div><\/div><\/div><\/div><\/div><div id=\"pg-162-2\"  class=\"panel-grid panel-has-style\" ><div class=\"panel-row-style panel-row-style-for-162-2\" ><div id=\"pgc-162-2-0\"  class=\"panel-grid-cell\" ><div id=\"panel-162-2-0-0\" class=\"so-panel widget widget_sow-image panel-first-child panel-last-child\" data-index=\"5\" ><div\n\t\t\t\n\t\t\tclass=\"so-widget-sow-image so-widget-sow-image-default-c67d20f9f743-162\"\n\t\t\t\n\t\t>\n<div class=\"sow-image-container\">\n\t\t\t<a href=\"https:\/\/www.ceaphotography.com\/\"\n\t\t\ttarget=\"_blank\" rel=\"noopener noreferrer\" \t\t>\n\t\t\t<img \n\tsrc=\"https:\/\/ceawebs.com\/espanol\/wp-content\/uploads\/2020\/04\/flips2.jpg\" width=\"500\" height=\"500\" srcset=\"https:\/\/ceawebs.com\/espanol\/wp-content\/uploads\/2020\/04\/flips2.jpg 500w, https:\/\/ceawebs.com\/espanol\/wp-content\/uploads\/2020\/04\/flips2-300x300.jpg 300w, https:\/\/ceawebs.com\/espanol\/wp-content\/uploads\/2020\/04\/flips2-150x150.jpg 150w\" alt=\"\" \t\tclass=\"so-widget-image\"\/>\n\t\t\t<\/a><\/div>\n\n<\/div><\/div><\/div><div id=\"pgc-162-2-1\"  class=\"panel-grid-cell\" ><div id=\"panel-162-2-1-0\" class=\"so-panel widget widget_sow-editor panel-first-child\" data-index=\"6\" ><div\n\t\t\t\n\t\t\tclass=\"so-widget-sow-editor so-widget-sow-editor-base\"\n\t\t\t\n\t\t>\n<div class=\"siteorigin-widget-tinymce textwidget\">\n\t<p>&nbsp;<\/p>\n<h2>Fotograf\u00eda:<\/h2>\n<blockquote><p><em>\u00a1No tiene que preocuparse por la calidad de las im\u00e1genes para el contenido de su sitio web!<\/em><\/p>\n<p><em>\u00a0<\/em><em>C.E.A.webs le ofrece nuestros servicios de fotograf\u00eda con <\/em><a href=\"https:\/\/www.ceaphotography.com\/\" target=\"_blank\" rel=\"noopener\"><em>C.E.A.photography<\/em><\/a><em>.<\/em><\/p>\n<p><em>\u00a0<\/em><em>Y como ya es cliente de C.E.A.webs , \u00a1recibir\u00e1 un descuento especial!<\/em><\/p><\/blockquote>\n<\/div>\n<\/div><\/div><div id=\"panel-162-2-1-1\" class=\"so-panel widget widget_sow-editor panel-last-child\" data-index=\"7\" ><div\n\t\t\t\n\t\t\tclass=\"so-widget-sow-editor so-widget-sow-editor-base\"\n\t\t\t\n\t\t>\n<div class=\"siteorigin-widget-tinymce textwidget\">\n\t<p id=\"advertising\" class=\"anchor\">Advertasing<\/p>\n<\/div>\n<\/div><\/div><\/div><\/div><\/div><div id=\"pg-162-3\"  class=\"panel-grid panel-has-style\" ><div class=\"panel-row-style panel-row-style-for-162-3\" ><div id=\"pgc-162-3-0\"  class=\"panel-grid-cell\" ><div id=\"panel-162-3-0-0\" class=\"so-panel widget widget_sow-editor panel-first-child\" data-index=\"8\" ><div\n\t\t\t\n\t\t\tclass=\"so-widget-sow-editor so-widget-sow-editor-base\"\n\t\t\t\n\t\t>\n<div class=\"siteorigin-widget-tinymce textwidget\">\n\t<p>&nbsp;<\/p>\n<h2><em>Publicidad Digital:<\/em><\/h2>\n<blockquote>\n<p><em>En estos tiempos, si desea que usted o su empresa sean conocidos en el mundo, la publicidad en medios digitales ya no es una opci\u00f3n, \u00a1sino una necesidad!<\/em><\/p>\n<p><em>\u00a0<\/em><em>C.E.A.webs puede configurar y mantener todas sus cuentas comerciales de medios digitales con Facebook, Instagram y Google. Nuestras tarifas son las m\u00e1s competitivas del mercado.<\/em><\/p>\n<p><em>\u00a0<\/em><em>\u00bfQue estas esperando? \u00a1Cont\u00e1ctenos\u00a0para una <a href=\"https:\/\/www.ceawebs.com\/espanol\/contacto\/\">Consulta Gratuita!<\/a><\/em><\/p>\n<\/blockquote>\n<\/div>\n<\/div><\/div><div id=\"panel-162-3-0-1\" class=\"so-panel widget widget_sow-editor panel-last-child\" data-index=\"9\" ><div\n\t\t\t\n\t\t\tclass=\"so-widget-sow-editor so-widget-sow-editor-base\"\n\t\t\t\n\t\t>\n<div class=\"siteorigin-widget-tinymce textwidget\">\n\t<p id=\"hosting\" class=\"anchor\">Hosting<\/p>\n<\/div>\n<\/div><\/div><\/div><div id=\"pgc-162-3-1\"  class=\"panel-grid-cell\" ><div id=\"panel-162-3-1-0\" class=\"so-panel widget widget_sow-image panel-first-child panel-last-child\" data-index=\"10\" ><div\n\t\t\t\n\t\t\tclass=\"so-widget-sow-image so-widget-sow-image-default-c67d20f9f743-162\"\n\t\t\t\n\t\t>\n<div class=\"sow-image-container\">\n\t\t<img \n\tsrc=\"https:\/\/ceawebs.com\/espanol\/wp-content\/uploads\/2020\/04\/sphare75.jpg\" width=\"439\" height=\"459\" srcset=\"https:\/\/ceawebs.com\/espanol\/wp-content\/uploads\/2020\/04\/sphare75.jpg 439w, https:\/\/ceawebs.com\/espanol\/wp-content\/uploads\/2020\/04\/sphare75-287x300.jpg 287w\" alt=\"\" \t\tclass=\"so-widget-image\"\/>\n\t<\/div>\n\n<\/div><\/div><\/div><\/div><\/div><div id=\"pg-162-4\"  class=\"panel-grid panel-has-style\" ><div class=\"panel-row-style panel-row-style-for-162-4\" ><div id=\"pgc-162-4-0\"  class=\"panel-grid-cell\" ><div id=\"panel-162-4-0-0\" class=\"so-panel widget widget_sow-image panel-first-child\" data-index=\"11\" ><div\n\t\t\t\n\t\t\tclass=\"so-widget-sow-image so-widget-sow-image-default-c67d20f9f743-162\"\n\t\t\t\n\t\t>\n<div class=\"sow-image-container\">\n\t\t\t<a href=\"https:\/\/www.ceaphotography.com\/\"\n\t\t\ttarget=\"_blank\" rel=\"noopener noreferrer\" \t\t>\n\t\t\t<img \n\tsrc=\"https:\/\/ceawebs.com\/espanol\/wp-content\/uploads\/2020\/04\/webhosting.jpg\" width=\"1000\" height=\"808\" srcset=\"https:\/\/ceawebs.com\/espanol\/wp-content\/uploads\/2020\/04\/webhosting.jpg 1000w, https:\/\/ceawebs.com\/espanol\/wp-content\/uploads\/2020\/04\/webhosting-300x242.jpg 300w, https:\/\/ceawebs.com\/espanol\/wp-content\/uploads\/2020\/04\/webhosting-768x621.jpg 768w\" alt=\"\" \t\tclass=\"so-widget-image\"\/>\n\t\t\t<\/a><\/div>\n\n<\/div><\/div><div id=\"panel-162-4-0-1\" class=\"so-panel widget widget_sow-button panel-last-child\" data-index=\"12\" ><div\n\t\t\t\n\t\t\tclass=\"so-widget-sow-button so-widget-sow-button-atom-6c88ae264c67-162\"\n\t\t\t\n\t\t><div class=\"ow-button-base ow-button-align-center\"\n>\n\t\t\t<a\n\t\t\t\t\thref=\"https:\/\/ceawebs.com\/espanol\/tienda\/\"\n\t\t\t\t\tclass=\"sowb-button ow-icon-placement-left ow-button-hover\" \t>\n\t\t<span>\n\t\t\t\n\t\t\tTienda\t\t<\/span>\n\t\t\t<\/a>\n\t<\/div>\n<\/div><\/div><\/div><div id=\"pgc-162-4-1\"  class=\"panel-grid-cell\" ><div id=\"panel-162-4-1-0\" class=\"so-panel widget widget_sow-editor panel-first-child panel-last-child\" data-index=\"13\" ><div\n\t\t\t\n\t\t\tclass=\"so-widget-sow-editor so-widget-sow-editor-base\"\n\t\t\t\n\t\t>\n<div class=\"siteorigin-widget-tinymce textwidget\">\n\t<p>&nbsp;<\/p>\n<h2>Hosting y dominios:<\/h2>\n<blockquote id=\"advertising\">\n<p>C.E.A.webs le ofrece servicios de hosting de dominios y nombres de dominio a trav\u00e9s de Godaddy.<\/p>\n<p>\u00a1Puede comprar su hosting de dominio y nombre de dominio directamente con nosotros de forma segura en nuestra Tienda con la confianza de que obtendr\u00e1 los mejores servicios de hosting y dominio del mercado por el precio!<\/p>\n<p>\u00a1Visite nuestra tienda para comprar su nombre de dominio y hosting hoy!<\/p>\n<\/blockquote>\n<\/div>\n<\/div><\/div><\/div><\/div><\/div><\/div>","protected":false},"excerpt":{"rendered":"<p>Design Mucho Mas Que Solo Dise\u00f1os Web! &nbsp; &nbsp; Dise\u00f1o web: Podemos dise\u00f1ar el sitio web perfecto para todas sus necesidades. \u00a1No importa cu\u00e1n grandes o peque\u00f1os sean, ya sean sitios webs Personales, Comerciales o de E-Comercio! \u00a0\u00a1C.E.A.webs est\u00e1 aqu\u00ed para ayudarle y nos ajustaremos a su presupuesto para dise\u00f1ar\u00a0el sitio web m\u00e1s profesional al [&hellip;]<\/p>\n","protected":false},"author":1,"featured_media":0,"parent":0,"menu_order":0,"comment_status":"closed","ping_status":"closed","template":"","meta":{"_uag_custom_page_level_css":"","footnotes":""},"class_list":["post-162","page","type-page","status-publish","hentry"],"aioseo_notices":[],"uagb_featured_image_src":{"full":false,"thumbnail":false,"medium":false,"medium_large":false,"large":false,"1536x1536":false,"2048x2048":false,"post-thumbnail":false,"sow-carousel-default":false},"uagb_author_info":{"display_name":"Tato","author_link":"https:\/\/ceawebs.com\/espanol\/author\/cesareaguirre\/"},"uagb_comment_info":0,"uagb_excerpt":"Design Mucho Mas Que Solo Dise\u00f1os Web! &nbsp; &nbsp; Dise\u00f1o web: Podemos dise\u00f1ar el sitio web perfecto para todas sus necesidades. \u00a1No importa cu\u00e1n grandes o peque\u00f1os sean, ya sean sitios webs Personales, Comerciales o de E-Comercio! \u00a0\u00a1C.E.A.webs est\u00e1 aqu\u00ed para ayudarle y nos ajustaremos a su presupuesto para dise\u00f1ar\u00a0el sitio web m\u00e1s profesional al&hellip;","_links":{"self":[{"href":"https:\/\/ceawebs.com\/espanol\/wp-json\/wp\/v2\/pages\/162","targetHints":{"allow":["GET"]}}],"collection":[{"href":"https:\/\/ceawebs.com\/espanol\/wp-json\/wp\/v2\/pages"}],"about":[{"href":"https:\/\/ceawebs.com\/espanol\/wp-json\/wp\/v2\/types\/page"}],"author":[{"embeddable":true,"href":"https:\/\/ceawebs.com\/espanol\/wp-json\/wp\/v2\/users\/1"}],"replies":[{"embeddable":true,"href":"https:\/\/ceawebs.com\/espanol\/wp-json\/wp\/v2\/comments?post=162"}],"version-history":[{"count":245,"href":"https:\/\/ceawebs.com\/espanol\/wp-json\/wp\/v2\/pages\/162\/revisions"}],"predecessor-version":[{"id":2101,"href":"https:\/\/ceawebs.com\/espanol\/wp-json\/wp\/v2\/pages\/162\/revisions\/2101"}],"wp:attachment":[{"href":"https:\/\/ceawebs.com\/espanol\/wp-json\/wp\/v2\/media?parent=162"}],"curies":[{"name":"wp","href":"https:\/\/api.w.org\/{rel}","templated":true}]}}